Day for Current Month NOAA Weather Summary

                  MONTHLY CLIMATOLOGICAL SUMMARY FOR 1/2022
                                        HEAT  COOL        
     MEAN                               DEG   DEG       WIND SPEED       DOM MEAN  MEAN
DAY  TEMP  HIGH   TIME     LOW   TIME   DAYS  DAYS RAIN AVG  HI  TIME    DIR BAROM HUM
---------------------------------------------------------------------------------------
1    37.9  58.5   1:25pm  29.5   7:45am   27    0  0.00   0   6   1:20pm   S 30.19   86
2    38.4  58.3   1:31pm  27.7   6:24am   27    0  0.00   0  13  12:45pm SSE 30.27   88
3    44.8  49.0   2:38pm  39.0  12:00am   20    0  0.38   0  10   5:04pm   S 30.24   96
4    50.3  56.6   3:07pm  46.3  11:45pm   15    0  0.12   0  10  11:42am   S 30.31   97
5    50.9  63.6   1:36pm  42.3   8:02am   14    0  0.01   0   0  12:00am   N 30.26   94
6    52.5  71.2   1:44pm  45.0   8:18am   13    0  0.00   0  11   2:38pm   S 30.05   92
7    48.1  52.0   3:29pm  45.6  10:03pm   17    0  0.04   0   3   5:00pm   N 29.98   97
8    48.1  63.4   1:42pm  41.3  11:56pm   17    0  0.00   0   3   3:51pm   S 30.12   92
9    48.7  74.6   1:40pm  35.0   7:30am   15    1  0.00   0   7   2:13pm   S 30.26   82
10   48.5  71.7   1:50pm  38.4   8:40am   17    0  0.00   0   9  12:30pm SSE 30.39   83
11   47.6  72.8   1:50pm  35.2   7:20am   18    1  0.01   0   0  12:00am   N 30.34   84
12   48.5  74.6   1:40pm  35.0   7:30am   16    1  0.00   0   7   2:13pm   S 30.26   82
13   48.8  69.7   2:00pm  38.2   8:00am   16    0  0.00   0   0  12:00am   N 30.24   87
14   45.8  63.1   1:41pm  35.0   7:37am   19    0  0.00   0   0  12:00am   N 30.18   86
15   48.3  71.0   1:26pm  34.9   6:29am   17    0  0.00   0  12   2:26pm   S 30.18   80
16   52.7  69.2   2:36pm  42.5   8:31am   13    0  0.00   0   0  12:00am   N 30.10   81
17   51.2  65.9   1:28pm  42.4   5:57am   14    0  0.00   0   0  12:00am   N 30.05   85
18   48.7  69.3   1:40pm  37.0   8:06am   16    0  0.00   0   0  12:00am   N 30.12   86
19   49.2  71.1   1:24pm  37.2   8:20am   16    0  0.00   0   0  12:00am   N 30.22   79
20   49.2  73.7   1:39pm  35.9   7:39am   17    1  0.00   0   0  12:00am   N 30.28   81
21   51.6  67.9   1:11pm  38.5   4:39am   14    0  0.00   0  11   1:11pm SSW 30.15   63
22   50.3  69.7   1:41pm  37.6  11:59pm   15    0  0.00   0   3   8:34am SSE 30.10   60
23   46.1  72.9   1:34pm  31.0   7:49am   20    1  0.00   0   0  12:00am   N 30.24   75
24   46.3  71.1   1:54pm  31.5   7:29am   19    0  0.00   0   0  12:00am   N 30.15   78
25   46.1  69.3   1:42pm  33.2   7:46am   19    0  0.00   0   5   3:23pm SSW 30.05   74
26   33.2  37.0  12:00am  30.7   7:14am   11    0  0.00   0   0  12:00am   N 30.12   93
---------------------------------------------------------------------------------------
TOT  47.6  74.6  1/12/22  27.7   1/2/22  441    7  0.56   0  13   1/2/22   S 30.19   84

HEAT BASE: 65.0
COOL BASE: 65.0

From Boulder-Creek.com Weather Station

Month for Current Year NOAA Weather Summary

                  YEARLY CLIMATOLOGICAL SUMMARY FOR 2022
                                        HEAT  COOL        
     MEAN                               DEG   DEG       WIND SPEED       DOM MEAN  MEAN
MON  TEMP  HIGH   DATE     LOW   DATE   DAYS  DAYS RAIN AVG  HI  DATE    DIR BAROM HUM
---------------------------------------------------------------------------------------
1    47.6  74.6  1/12/22  27.7   1/2/22  446    7  0.56   0  13   1/2/22   S 30.19   84
---------------------------------------------------------------------------------------
TOT  47.6  74.6  1/12/22  27.7   1/2/22  446    7  0.56   0  13   1/2/22   S 30.19   84

HEAT BASE: 65.0
COOL BASE: 65.0

From Boulder-Creek.com Weather Station