MONTHLY CLIMATOLOGICAL SUMMARY FOR 3/2024
HEAT COOL
MEAN DEG DEG WIND SPEED DOM MEAN MEAN
DAY TEMP HIGH TIME LOW TIME DAYS DAYS RAIN AVG HI TIME DIR BAROM HUM
---------------------------------------------------------------------------------------
1 49.7 55.0 12:00pm 46.9 6:07am 15 0 1.23 1 23 5:25pm SSE 29.92 91
2 45.9 50.8 10:33am 43.6 11:51pm 19 0 0.89 0 19 12:53am NNE 29.86 90
3 44.9 51.1 1:26pm 41.1 3:39am 20 0 0.27 0 6 1:23am NNE 30.02 95
4 46.7 56.6 11:44am 40.2 7:24am 18 0 0.03 0 6 1:06pm S 30.13 91
5 48.3 53.2 4:01pm 43.8 3:13am 17 0 0.12 0 6 9:34am S 30.04 96
6 51.1 59.3 11:52am 47.9 11:19pm 14 0 0.40 0 5 2:02pm N 29.89 95
7 49.6 61.7 1:40pm 40.4 11:38pm 15 0 0.00 0 8 4:30am N 30.00 87
8 50.3 73.7 1:13pm 35.7 6:51am 16 1 0.00 0 9 2:07pm S 30.15 78
9 49.9 67.6 1:28pm 40.0 7:22am 15 0 0.00 0 0 12:00am N 30.15 84
10 53.0 68.9 2:30pm 45.5 12:00am 12 0 0.00 0 6 2:13pm E 30.08 77
11 52.4 68.0 2:41pm 46.9 8:05am 13 0 0.46 0 7 2:15pm SSE 30.07 84
12 51.3 60.6 4:31pm 47.2 4:34am 14 0 0.25 0 8 4:58pm S 30.15 88
13 51.8 67.6 2:47pm 41.4 8:07am 13 0 0.00 0 11 1:17am N 30.15 76
14 56.4 68.8 2:51pm 46.6 12:00am 9 0 0.00 0 13 12:01pm W 29.97 43
15 59.1 78.0 2:38pm 45.2 11:59pm 8 2 0.00 0 6 11:55am N 29.82 46
16 53.0 74.7 2:04pm 36.6 7:41am 14 2 0.00 0 11 1:12pm S 30.00 71
17 53.7 79.5 2:14pm 37.2 8:22am 13 2 0.00 0 13 2:19pm N 30.08 71
18 56.2 84.6 2:39pm 37.0 7:37am 13 4 0.00 0 7 4:54pm NNW 30.07 67
19 56.9 84.5 2:09pm 39.3 7:58am 12 4 0.00 0 6 3:32pm N 30.05 66
20 54.9 81.3 1:14pm 37.8 8:00am 13 3 0.00 0 9 1:32pm S 30.05 67
21 55.5 75.8 2:07pm 41.0 5:53am 11 2 0.00 0 6 1:18pm NE 30.10 77
22 52.4 62.0 1:05pm 45.2 7:53am 13 0 0.59 0 15 5:05pm S 30.00 86
23 48.5 54.5 2:09pm 45.6 7:34am 16 0 0.54 0 9 12:42pm SSE 29.87 92
24 48.9 55.7 2:47pm 44.6 7:29am 16 0 0.20 0 10 3:32pm NNE 29.89 91
25 52.1 64.0 2:48pm 48.0 7:10am 13 0 0.00 0 11 5:22am S 30.00 80
26 51.6 66.1 2:49pm 42.8 11:56pm 13 0 0.02 0 6 10:14am N 30.10 83
27 47.6 58.2 1:40pm 37.9 5:58am 17 0 0.51 0 9 2:12pm E 30.14 92
28 51.2 64.3 2:39pm 44.7 7:12am 9 0 0.23 0 6 12:15pm N 30.08 88
---------------------------------------------------------------------------------------
TOT 51.5 84.6 3/18/24 35.7 3/8/24 391 19 5.74 0 23 3/1/24 SSE 30.03 80
HEAT BASE: 65.0
COOL BASE: 65.0
From Boulder-Creek.com Weather Station
|