Day for Current Month NOAA Weather Summary

                  MONTHLY CLIMATOLOGICAL SUMMARY FOR 10/2018
                                        HEAT  COOL        
     MEAN                               DEG   DEG       WIND SPEED       DOM MEAN  MEAN
DAY  TEMP  HIGH   TIME     LOW   TIME   DAYS  DAYS RAIN AVG  HI  TIME    DIR BAROM HUM
---------------------------------------------------------------------------------------
1    63.3  79.8   2:45pm  49.9   6:37am    6    4  0.00   1   9   1:22pm   S 29.84   70
2    66.0  85.1   2:06pm  56.9   7:47am    4    5  0.00   1  12   3:16pm   S 29.80   71
3    63.1  76.5   1:59pm  56.4   8:01am    3    2  0.00   1  14   3:04pm   S 29.88   83
4    62.4  72.6   2:21pm  53.9  11:59pm    4    1  0.00   1   8   1:21pm   N 29.98   81
5    60.0  83.1   2:18pm  45.8   7:56am    8    3  0.00   1   9   4:05pm NNW 30.04   73
6    61.0  78.0   2:08pm  51.8   5:36am    6    2  0.00   1  11  12:07pm   N 29.90   75
7    64.8  82.2   1:12pm  52.0  12:56am    5    4  0.00   1  15   1:15pm   N 29.84   49
8    64.9  86.4   1:16pm  49.7   2:04am    6    6  0.00   1  12   1:34pm   N 29.79   48
9    58.8  75.9   2:15pm  49.4   4:40am    8    2  0.00   1  13  12:31pm   S 29.81   76
10   56.6  66.8   2:13pm  49.5  11:06pm    8    0  0.00   1  12   4:46pm   S 29.81   80
11   58.8  74.0   1:44pm  49.9  12:00am    7    1  0.00   1   8  10:50am   N 29.84   75
12   62.5  90.6   2:01pm  43.9   7:35am    9    6  0.00   0  11   3:06pm NNW 29.85   63
13   60.1  83.9   1:57pm  44.5   8:05am    9    4  0.00   1  12   1:02pm   S 29.84   60
14   57.9  83.3   1:41pm  44.6   3:14am   10    3  0.00   1  11   3:21pm   S 29.93   73
15   58.7  91.4   1:50pm  37.7   7:58am   12    5  0.00   1   8   2:53pm   N 30.09   57
16   57.7  89.9   2:17pm  37.6   7:56am   12    5  0.00   1  11   3:01pm   S 30.08   47
17   56.8  86.1   2:07pm  37.9   7:56am   12    4  0.00   1  10   3:37pm   S 30.07   51
18   57.7  85.6   2:19pm  37.9   7:41am   12    4  0.00   1  11   2:29pm   S 30.09   60
19   61.7  94.0   1:47pm  41.7   8:04am    9    6  0.00   0   7  12:21pm   N 30.07   61
---------------------------------------------------------------------------------------
TOT  60.7  94.0 10/19/18  37.6 10/16/18  149   67  0.00   1  14  10/3/18   S 29.92   66

HEAT BASE: 65.0
COOL BASE: 65.0

From Boulder-Creek.com Weather Station

Month for Current Year NOAA Weather Summary

                  YEARLY CLIMATOLOGICAL SUMMARY FOR 2018
                                        HEAT  COOL        
     MEAN                               DEG   DEG       WIND SPEED       DOM MEAN  MEAN
MON  TEMP  HIGH   DATE     LOW   DATE   DAYS  DAYS RAIN AVG  HI  DATE    DIR BAROM HUM
---------------------------------------------------------------------------------------
1    51.4  81.0  1/31/18  35.7  1/13/18  275    4  7.87   0  13   1/9/18   S 30.11   92
2    48.7  87.2   2/8/18  25.2  2/24/18  489   33  0.77   1  16  2/22/18   N 30.12   71
3    50.3  94.1  3/29/18  27.9   3/5/18  487   33 11.12   1  22  3/21/18   S 30.05   82
4    55.0  93.1  4/22/18  34.8  4/13/18  358   57  2.90   1  14   4/1/18   N 30.07   73
5    58.0  97.1  5/28/18  41.8   5/1/18  287   70  0.07   1  16  5/18/18   N 29.99   74
6    63.6 104.1  6/23/18  41.7  6/10/18  202  161  0.00   1  16   6/9/18   S 29.92   67
7    69.9 108.2  7/25/18  47.1   7/5/18  107  247  0.01   1  16   7/1/18   S 29.97   62
8    67.1 103.0   8/6/18  46.1   8/3/18  146  211  0.00   1  16  8/10/18   S 29.95   65
9    62.6 103.6   9/7/18  40.2  9/24/18  218  146  0.00   1  15  9/21/18   S 29.91   68
10   60.7  94.0 10/19/18  37.6 10/16/18  149   67  0.00   1  14  10/3/18   S 29.92   66
---------------------------------------------------------------------------------------
TOT  58.9 108.2  7/25/18  25.2  2/24/18 2718 1030 -6.11   1  22  3/21/18   S 30.00   72

HEAT BASE: 65.0
COOL BASE: 65.0

From Boulder-Creek.com Weather Station