Day for Current Month NOAA Weather Summary

                  MONTHLY CLIMATOLOGICAL SUMMARY FOR 9/2019
                                        HEAT  COOL        
     MEAN                               DEG   DEG       WIND SPEED       DOM MEAN  MEAN
DAY  TEMP  HIGH   TIME     LOW   TIME   DAYS  DAYS RAIN AVG  HI  TIME    DIR BAROM HUM
---------------------------------------------------------------------------------------
1    73.1 102.7   1:54pm  52.2   7:20am    3   11  0.00   1  10   3:20pm NNW 29.89   55
2    70.9  96.0   1:24pm  55.0   7:30am    3    9  0.00   1  14   4:03pm NNW 29.93   58
3    69.2  97.2   2:33pm  51.3   7:40am    4    9  0.00   1  13   3:46pm   N 29.94   66
4    71.5  98.3   1:32pm  53.7   7:19am    3   10  0.00   1  12   3:29pm   S 29.86   60
5    67.6  93.0   1:58pm  54.6   7:03am    4    6  0.00   1  10   2:58pm NNW 29.95   69
6    67.0  90.8   1:42pm  52.7   7:21am    5    7  0.00   1  11   6:11pm NNW 30.04   71
7    62.2  72.9   1:03pm  54.3   2:31am    4    1  0.00   1  11   4:12pm   N 30.03   78
8    64.1  76.7   1:56pm  56.4   6:42am    3    2  0.00   2  13   5:52pm   N 30.00   75
9    63.4  81.5   1:25pm  51.8   3:35am    5    4  0.00   1  12   2:54pm   N 29.94   75
10   64.3  76.3  12:33pm  56.0  11:59pm    3    2  0.00   1  12   3:36pm   N 29.92   73
11   66.0  92.3   2:23pm  48.7   8:07am    6    7  0.00   1   9   3:29pm NNW 30.00   69
12   71.2 101.8   1:46pm  48.5   7:24am    5   11  0.00   0   7   1:55pm   N 29.99   60
13   74.6 106.6   1:03pm  51.4   7:27am    4   13  0.00   1   7   2:55pm   N 29.95   51
14   71.8 103.1   1:35pm  51.7   7:24am    4   11  0.00   1  13   5:22pm   N 29.90   50
15   64.1  82.4   2:21pm  49.6   6:58am    5    4  0.00   1  11   3:50pm NNW 29.87   71
16   63.0  74.6   2:42pm  54.8  11:37pm    3    1  0.13   1   9  12:44pm   N 29.94   80
17   61.3  86.4   1:16pm  46.1   7:46am    8    4  0.00   1  11   4:47pm   N 30.01   73
18   59.9  74.3   2:24pm  50.5   5:05am    7    1  0.00   0   9   1:06pm NNE 29.95   83
19   61.4  83.9   2:25pm  49.3   7:18am    5    3  0.00   0   8  12:35pm NNW 29.93   75
---------------------------------------------------------------------------------------
TOT  66.8 106.6  9/13/19  46.1  9/17/19   83  116  0.13   1  14   9/2/19   N 29.95   68

HEAT BASE: 65.0
COOL BASE: 65.0

From Boulder-Creek.com Weather Station

Month for Current Year NOAA Weather Summary

                  YEARLY CLIMATOLOGICAL SUMMARY FOR 2019
                                        HEAT  COOL        
     MEAN                               DEG   DEG       WIND SPEED       DOM MEAN  MEAN
MON  TEMP  HIGH   DATE     LOW   DATE   DAYS  DAYS RAIN AVG  HI  DATE    DIR BAROM HUM
---------------------------------------------------------------------------------------
1    49.0  78.9  1/27/19  26.9   1/2/19  503    7 15.22   1  28  1/16/19   S 30.08   89
2    44.7  65.5  2/24/19  27.6  2/19/19  568    0 21.32   1  28   2/2/19   N 29.98   88
3    50.3  86.1  3/17/19  30.8  3/14/19  474   19  8.07   1  25  3/27/19   N 30.06   82
4    57.4  97.0  4/23/19  39.9  4/13/19  299   71  0.91   1  15  4/11/19   S 30.02   76
5    56.8  87.8   5/2/19  37.6   5/4/19  313   60  4.44   1  33  5/15/19   S 29.93   78
6    65.2 109.1  6/11/19  44.7   6/7/19  167  174  0.00   1  16  6/18/19   S 29.93   69
7    66.7 106.2  7/24/19  47.8   7/9/19  149  202  0.01   1  14   7/5/19   S 29.95   68
8    68.6 108.4  8/14/19  48.8   8/3/19  121  232  0.00   1  17   8/7/19   S 29.92   69
9    66.8 106.6  9/13/19  46.1  9/17/19   83  116  0.13   1  14   9/2/19   N 29.95   68
---------------------------------------------------------------------------------------
TOT  58.1 109.1  6/11/19  26.9   1/2/19 2677  881 50.10   1  33  5/15/19   S 29.98   77

HEAT BASE: 65.0
COOL BASE: 65.0

From Boulder-Creek.com Weather Station