Day for Current Month NOAA Weather Summary

                  MONTHLY CLIMATOLOGICAL SUMMARY FOR 6/2019
                                        HEAT  COOL        
     MEAN                               DEG   DEG       WIND SPEED       DOM MEAN  MEAN
DAY  TEMP  HIGH   TIME     LOW   TIME   DAYS  DAYS RAIN AVG  HI  TIME    DIR BAROM HUM
---------------------------------------------------------------------------------------
1    60.5  77.7   2:30pm  50.0   5:08am    7    2  0.00   2  14   4:56pm   S 29.82   79
2    59.2  74.3   2:46pm  52.0   4:19am    7    1  0.00   1  12   1:40pm   S 29.88   82
3    64.7  86.5   2:49pm  52.4   6:43am    5    5  0.00   1  14   3:45pm   S 29.90   75
4    69.1  94.3   2:38pm  49.4   5:33am    5    9  0.00   1  11   1:34pm   S 29.88   70
5    68.5  89.6   2:04pm  52.9   6:57am    4    8  0.00   1  12   2:13pm   S 29.87   70
6    59.6  76.5  12:55pm  47.9   6:38am    8    2  0.00   1  12   1:38pm   N 29.96   64
7    61.1  84.6   2:07pm  44.7   6:29am    8    4  0.00   1  10   2:39pm   N 29.99   62
8    67.0  91.3   2:56pm  44.8   4:46am    6    8  0.00   1  11   3:48pm   N 29.97   49
9    71.8  97.2  12:07pm  47.0   6:36am    5   12  0.00   1  11   2:04pm   S 29.97   51
10   77.3 105.1   3:15pm  56.6   6:19am    2   14  0.00   1  11  12:53pm   S 29.96   54
11   79.3 109.1   2:56pm  55.9   6:25am    2   16  0.00   1  12   1:38pm   S 29.95   52
12   72.3  90.4   1:50pm  57.5  11:56pm    1    8  0.00   1  15   5:25pm   S 29.90   66
13   64.9  82.0   1:51pm  56.2   5:56am    4    4  0.00   2  14   4:28pm   S 29.91   77
14   63.9  81.2   2:52pm  52.8  11:34pm    5    4  0.00   1  12   1:14pm   S 29.92   74
15   61.6  81.2   1:36pm  50.1   6:27am    7    4  0.00   1  12   5:29pm   S 29.94   74
16   61.2  81.3   2:35pm  51.4   6:20am    7    3  0.00   1  11   2:47pm   S 29.87   77
17   61.6  79.8   2:04pm  51.5   5:56am    6    3  0.00   2  12   2:29pm   S 29.86   77
18   66.2  88.9   1:31pm  52.0   6:01am    5    7  0.00   1  16   5:31pm   S 29.91   73
19   63.2  82.1   2:38pm  54.1   4:38am    5    3  0.00   2  13   5:36pm   S 29.93   80
20   60.6  72.5   3:06pm  54.1  11:55pm    5    1  0.00   2  11  12:17pm   S 29.90   80
21   62.1  79.1  12:47pm  52.1   6:03am    6    3  0.00   1  14   1:09pm   S 29.90   75
22   67.3  94.3   1:06pm  49.4   6:53am    6    8  0.00   1  14   1:33pm   S 29.93   66
23   67.0  91.1   2:59pm  48.0   6:36am    6    8  0.00   1  13   3:56pm   S 29.94   66
24   64.7  84.2   2:20pm  52.1   4:33am    5    5  0.00   1  12  11:56am   S 29.86   75
25   65.2  90.4   2:39pm  53.0   6:17am    5    5  0.00   1  13   5:42pm  NW 29.85   66
26   63.3  85.7   1:34pm  47.9   6:43am    5    4  0.00   1   9  11:04am   N 29.95   67
---------------------------------------------------------------------------------------
TOT  65.5 109.1  6/11/19  44.7   6/7/19  140  153  0.00   1  16  6/18/19   S 29.91   69

HEAT BASE: 65.0
COOL BASE: 65.0

From Boulder-Creek.com Weather Station

Month for Current Year NOAA Weather Summary

                  YEARLY CLIMATOLOGICAL SUMMARY FOR 2019
                                        HEAT  COOL        
     MEAN                               DEG   DEG       WIND SPEED       DOM MEAN  MEAN
MON  TEMP  HIGH   DATE     LOW   DATE   DAYS  DAYS RAIN AVG  HI  DATE    DIR BAROM HUM
---------------------------------------------------------------------------------------
1    49.0  78.9  1/27/19  26.9   1/2/19  503    7 15.22   1  28  1/16/19   S 30.08   89
2    44.7  65.5  2/24/19  27.6  2/19/19  568    0 21.32   1  28   2/2/19   N 29.98   88
3    50.3  86.1  3/17/19  30.8  3/14/19  474   19  8.07   1  25  3/27/19   N 30.06   82
4    57.4  97.0  4/23/19  39.9  4/13/19  299   71  0.91   1  15  4/11/19   S 30.02   76
5    56.8  87.8   5/2/19  37.6   5/4/19  313   60  4.44   1  33  5/15/19   S 29.93   78
6    65.5 109.1  6/11/19  44.7   6/7/19  140  153  0.00   1  16  6/18/19   S 29.91   69
---------------------------------------------------------------------------------------
TOT  53.7 109.1  6/11/19  26.9   1/2/19 2297  310 49.96   1  33  5/15/19   S 30.00   81

HEAT BASE: 65.0
COOL BASE: 65.0

From Boulder-Creek.com Weather Station