Day for Current Month NOAA Weather Summary

                  MONTHLY CLIMATOLOGICAL SUMMARY FOR 6/2024
                                        HEAT  COOL        
     MEAN                               DEG   DEG       WIND SPEED       DOM MEAN  MEAN
DAY  TEMP  HIGH   TIME     LOW   TIME   DAYS  DAYS RAIN AVG  HI  TIME    DIR BAROM HUM
---------------------------------------------------------------------------------------
1    59.7  77.6  12:48pm  47.5   5:55am    8    2  0.00   0  15   9:56pm   N 29.92   71
2    62.5  78.8   2:42pm  53.9   7:03am    5    3  0.00   0  13   7:47am   N 29.96   75
3    63.0  74.6   1:51pm  51.9  11:57pm    4    2  0.00   0  13   1:32am   N 29.97   79
4    70.8 100.1   2:35pm  46.9   5:39am    6   12  0.00   0   0  12:00am   N 29.89   62
5    77.1 103.4   2:22pm  56.3   6:18am    2   14  0.00   0  10  12:39pm   S 29.82   58
6    68.6  88.0   2:47pm  54.5   7:02am    3    7  0.00   0  17   4:12pm   S 29.81   68
7    60.9  78.6   1:30pm  51.3   4:08am    7    2  0.00   0  15   1:01pm   S 29.85   77
8    62.4  79.2  11:40am  51.0   2:54am    6    3  0.00   0  13   1:48pm   S 29.89   69
9    62.0  88.6   2:17pm  47.4   4:15am    8    5  0.00   0  11   5:50pm   S 29.93   68
10   64.9  85.4   2:57pm  50.6   6:05am    6    6  0.00   0  13   1:49pm   S 29.92   70
11   71.4 101.6   1:42pm  49.9   5:59am    5   11  0.00   0  12   2:13pm   S 29.84   65
12   59.8  71.5   3:15pm  53.0   5:49am    6    1  0.00   0  15  12:04pm   S 29.90   79
---------------------------------------------------------------------------------------
TOT  65.2 103.2   6/5/24  46.9   6/4/24   65   68  0.00   0  17   6/6/24   S 29.89   70

HEAT BASE: 65.0
COOL BASE: 65.0

From Boulder-Creek.com Weather Station

Month for Current Year NOAA Weather Summary

                  YEARLY CLIMATOLOGICAL SUMMARY FOR 2024
                                        HEAT  COOL        
     MEAN                               DEG   DEG       WIND SPEED       DOM MEAN  MEAN
MON  TEMP  HIGH   DATE     LOW   DATE   DAYS  DAYS RAIN AVG  HI  DATE    DIR BAROM HUM
---------------------------------------------------------------------------------------
1    48.6  76.7  1/29/24  29.9   1/8/24  512    4 13.19   0  30  1/31/24 SSE 30.09   92
2    48.8  77.8  2/24/24  33.3   2/9/24  473    5 13.41   0  37   2/4/24 SSE 30.00   89
3    51.2  84.6  3/18/24  35.7   3/8/24  447   19  7.73   0  23   3/1/24 SSE 30.00   81
4    54.9  93.9  4/11/24  32.9   4/6/24  363   61  2.76   0  27  4/13/24   S 30.03   75
5    59.0  91.5  5/30/24  36.3   5/6/24  284   98  1.38   0  17   5/9/24   S 29.96   71
6    65.2 103.2   6/5/24  46.9   6/4/24   65   68  0.00   0  17   6/6/24   S 29.89   70
---------------------------------------------------------------------------------------
TOT  53.5 103.2   6/5/24  29.9   1/8/24 2144  254 38.47   0  37   2/4/24   S 30.01   81

HEAT BASE: 65.0
COOL BASE: 65.0

From Boulder-Creek.com Weather Station