Day for Current Month NOAA Weather Summary

                  MONTHLY CLIMATOLOGICAL SUMMARY FOR 1/2018
                                        HEAT  COOL        
     MEAN                               DEG   DEG       WIND SPEED       DOM MEAN  MEAN
DAY  TEMP  HIGH   TIME     LOW   TIME   DAYS  DAYS RAIN AVG  HI  TIME    DIR BAROM HUM
---------------------------------------------------------------------------------------
1    50.3  71.9   1:48pm  38.4   7:52am   15    1  0.00   0   2   6:13am ESE 30.18   86
2    49.7  61.4   2:34pm  42.7   7:35am   15    0  0.00   0   2  11:44am ENE 30.14   91
3    47.3  51.8   4:17pm  42.5   7:25am   18    0  0.48   0   7   2:14pm ENE 30.04   96
4    54.7  59.2   2:32pm  50.7   3:47am   10    0  0.23   1   9   5:59am ENE 30.09   97
5    56.8  60.9  12:58pm  51.9  11:59pm    8    0  0.50   0   8   2:41am SSE 30.17   97
6    52.2  61.8   1:38pm  46.9  11:59pm   13    0  0.06   0   9  12:03pm NNW 30.18   93
7    48.6  59.6   1:41pm  40.3   8:17am   16    0  0.00   0   8  11:35am   S 30.09   93
8    52.4  56.3   7:35pm  47.8   2:28am   13    0  4.31   1  12   1:18pm   S 29.79   98
9    53.2  56.6  11:17am  48.3   9:08pm   12    0  0.66   1  13  11:18pm   N 29.70   97
10   49.1  53.0  11:24am  45.1   7:41am   16    0  0.03   0  10  12:40am   N 30.15   94
11   52.9  68.1   1:48pm  46.8   8:06am   12    0  0.01   0   5   1:37pm   S 30.29   93
12   49.9  68.0   1:52pm  40.9   8:21am   15    0  0.00   0   5  11:26am   N 30.30   88
13   48.6  74.5   1:51pm  35.7   7:18am   17    1  0.00   0   6   1:21pm   S 30.18   90
14   49.7  66.0   2:41pm  39.0   8:16am   15    0  0.01   0   3  10:17pm   S 30.13   94
15   51.0  67.2   1:47pm  43.5   4:20am   14    0  0.00   0   8   2:21pm   S 30.12   90
16   55.3  67.6   1:07pm  49.0   1:40am   10    0  0.00   0   4   1:33pm  NW 30.19   92
17   56.4  71.2   1:41pm  47.0  11:58pm    9    1  0.00   0   4   4:26pm   S 30.19   89
18   49.0  59.6   1:01pm  41.3   7:29am   16    0  0.21   0   6   1:03pm   N 30.10   95
19   45.8  48.9  12:00am  43.4   7:21am    6    0  0.01   0   2   2:11am   N 30.10   97
---------------------------------------------------------------------------------------
TOT  51.4  74.5  1/13/18  35.7  1/13/18  252    2  6.51   0  13   1/9/18   S 30.11   93

HEAT BASE: 65.0
COOL BASE: 65.0

From Boulder-Creek.com Weather Station

Month for Current Year NOAA Weather Summary

                  YEARLY CLIMATOLOGICAL SUMMARY FOR 2018
                                        HEAT  COOL        
     MEAN                               DEG   DEG       WIND SPEED       DOM MEAN  MEAN
MON  TEMP  HIGH   DATE     LOW   DATE   DAYS  DAYS RAIN AVG  HI  DATE    DIR BAROM HUM
---------------------------------------------------------------------------------------
1    51.4  74.5  1/13/18  35.7  1/13/18  252    2  6.51   0  13   1/9/18   S 30.11   93
---------------------------------------------------------------------------------------
TOT  51.4  74.5  1/13/18  35.7  1/13/18  252    2  6.51   0  13   1/9/18   S 30.11   93

HEAT BASE: 65.0
COOL BASE: 65.0

From Boulder-Creek.com Weather Station